 160 + 2631?
3121
In base 10, what is 2 - -65085?
65087
In base 7, what is -2 - -2426316?
2426314
In base 8, what is 37 - -3416?
3455
In base 6, what is -110 + -5035?
-5145
In base 8, what is -2476 + -34?
-2532
In base 9, what is 3 + 16671?
16674
In base 5, what is -34 - 4012?
-4101
In base 5, what is -121 + 33320?
33144
In base 12, what is 4 - 401?
-3b9
In base 5, what is 140020 - -31?
140101
In base 3, what is -10201021 - -110111?
-10020210
In base 8, what is 17 + 602273?
602312
In base 13, what is a469 - -b?
a477
In base 4, what is -100201222233 - 2?
-100201222301
In base 15, what is 4da7 - -28?
4dd0
In base 12, what is 0 - -95?
95
In base 16, what is 43d - 3e?
3ff
In base 15, what is 131d + -57c?
c91
In base 8, what is -300 + 24?
-254
In base 14, what is 2494 + 263?
2717
In base 3, what is -221201021 + 2?
-221201012
In base 9, what is 454 + -52?
402
In base 3, what is 211011 - -111?
211122
In base 15, what is -2 - 255?
-257
In base 4, what is -11103201122 - 11?
-11103201133
In base 9, what is 114261 + -5?
114255
In base 5, what is 0 - -441311?
441311
In base 3, what is 22221122200 + -11?
22221122112
In base 7, what is 63 - -3343?
3436
In base 13, what is 9b6 + -98?
91b
In base 14, what is c - -798?
7a6
In base 3, what is -122 + 210211?
210012
In base 11, what is 13a54a + 5?
13a554
In base 14, what is c395 - -3?
c398
In base 13, what is -420 - -200?
-220
In base 14, what is -4 - 1b942?
-1b946
In base 5, what is 2 + 32212002?
32212004
In base 10, what is -1476 - 12?
-1488
In base 5, what is 0 + -1100042?
-1100042
In base 2, what is 10011111101010110 + 101?
10011111101011011
In base 15, what is -18 + 22?
9
In base 8, what is -242 - 152?
-414
In base 9, what is 2365 - -711?
3176
In base 2, what is 0 + -110011110110111?
-110011110110111
In base 15, what is -3 + -64c9?
-64cc
In base 6, what is 42 - 155133?
-155051
In base 11, what is -130 + -1a?
-14a
In base 12, what is -8205a - -1?
-82059
In base 5, what is 3 - 30433232?
-30433224
In base 4, what is -101131021 + 3?
-101131012
In base 12, what is -b14 - 134?
-1048
In base 16, what is -156e6 + -2?
-156e8
In base 12, what is 4 + -24b81?
-24b79
In base 16, what is 1f - -816b?
818a
In base 11, what is 1317 + 45?
1361
In base 11, what is -1121 - 120?
-1241
In base 2, what is 11001011000001 + 11?
11001011000100
In base 12, what is 221 + -2?
21b
In base 8, what is -10 - -54565?
54555
In base 7, what is 14451460 + -4?
14451453
In base 4, what is -1310 + -1303220?
-1311130
In base 15, what is -84dc - -5?
-84d7
In base 8, what is -4617 + -10?
-4627
In base 8, what is -32 + -274?
-326
In base 12, what is -159 - 91?
-22a
In base 11, what is 387817 + 4?
387820
In base 7, what is 21346 + 145?
21524
In base 4, what is 11011223 + -11?
11011212
In base 5, what is 3142441 + 31?
3143022
In base 10, what is 42 + -5906?
-5864
In base 13, what is -3133b - -1?
-3133a
In base 9, what is 4584 - 4028?
555
In base 12, what is -5 + -7a80?
-7a85
In base 14, what is 15 - 1204b?
-12036
In base 8, what is 33 - -14633?
14666
In base 3, what is 0 - 11221012?
-11221012
In base 16, what is 5 - -2353f?
23544
In base 13, what is -5b0 + 152?
-45b
In base 9, what is -2706035 + 3?
-2706032
In base 13, what is 2 + 785b8?
785ba
In base 12, what is 14073 - 6?
14069
In base 13, what is -166a - 4?
-1671
In base 4, what is 301 + -13002?
-12101
In base 15, what is 0 - -1c9e?
1c9e
In base 15, what is b22 + -97?
a7a
In base 5, what is -1003 + 43140?
42132
In base 15, what is -5c90 + -3?
-5c93
In base 10, what is -75874 + 3?
-75871
In base 14, what is -7a10c - 4?
-7a112
In base 16, what is ca3 - 9d9?
2ca
In base 5, what is -31202 - 2100?
-33302
In base 11, what is -124460 - 3?
-124463
In base 6, what is 4 + 2131530?
2131534
In base 16, what is f2 + -23?
cf
In base 13, what is -175 + -4863?
-4a08
In base 2, what is -11 + 1000001001110100100?
1000001001110100001
In base 12, what is 1 - 18813?
-18812
In base 4, what is -21313 + 112212?
30233
In base 11, what is -680 + 2523?
1953
In base 5, what is 211 + -300?
-34
In base 2, what is -110110001101 + -10001?
-110110011110
In base 15, what is 9 - -8dc2b?
8dc35
In base 11, what is 9 - -2334?
2342
In base 5, what is -4 + 101302?
101243
In base 7, what is 46 - 2303?
-2224
In base 3, what is -12 - -21200112?
21200100
In base 6, what is 33243 + -1201?
32042
In base 8, what is -13454 - 14?
-13470
In base 16, what is 1b - 21a5?
-218a
In base 12, what is -3828 + -8?
-3834
In base 2, what is 1100111 - 11001000001?
-10111011010
In base 2, what is -100100 - -100111?
11
In base 3, what is -11 + -11122210000?
-11122210011
In base 10, what is -2182122 - 4?
-2182126
In base 2, what is 1100111001000010111001 - -11?
1100111001000010111100
In base 16, what is -108 + -74?
-17c
In base 9, what is -134 - 380?
-524
In base 4, what is -303 - 21010?
-21313
In base 4, what is -303132 + 332?
-302200
In base 13, what is -7c06 - 1b?
-7c24
In base 11, what is -157 + -718?
-874
In base 7, what is -134145 - -415?
-133430
In base 12, what is -3157 - -5?
-3152
In base 8, what is -67065 - 15?
-67102
In base 4, what is 1 - 3121322?
-3121321
In base 16, what is 18b5c9 + 5?
18b5ce
In base 3, what is 20202002 - -22?
20202101
In base 2, what is -10 + 1011111111001?
1011111110111
In base 14, what is -10a7 + 1a?
-108b
In base 13, what is 87a + -381?
4c9
In base 7, what is 42026 + -3?
42023
In base 16, what is -ec6 - -3?
-ec3
In base 11, what is -7a464 - 1?
-7a465
In base 2, what is -1 - -11111011101000101011?
11111011101000101010
In base 13, what is 1a3a5 + 0?
1a3a5
In base 10, what is 954 - 945?
9
In base 3, what is 200202 + 21202111?
22110020
In base 7, what is -2366 - -2414?
15
In base 4, what is 2233310 + 332?
2300302
In base 10, what is 570 + -3?
567
In base 14, what is 730b0 - 6?
730a8
In base 3, what is 12 - -1101011011?
1101011100
In base 3, what is 11 - 12002222202?
-12002222121
In base 16, what is 1c916 - 0?
1c916
In base 13, what is 732 - b?
724
In base 3, what is -1121212001112 - 110?
-1121212001222
In base 13, what is 13 - -1b90?
1ba3
In base 15, what is 1b + -15b55?
-15b39
In base 15, what is -1be806 + -5?
-1be80b
In base 16, what is -2b026 + 3?
-2b023
In base 3, what is 222021121 - -2?
222021200
In base 4, what is -22023203 - -201?
-22023002
In base 3, what is 12011021 - 22122?
11211122
In base 8, what is 5226 + 721?
6147
In base 3, what is 1012002 - -111?
1012120
In base 8, what is -13 - -231?
216
In base 10, what is 5 + -41?
-36
In base 15, what is -4237 - -22?
-4215
In base 12, what is -2b1b - 3b?
-2b5a
In base 4, what is -111103 + -111?
-111220
In base 14, what is -44 - 55a3?
-5607
In base 3, what is -2 - 102101220002?
-102101220011
In base 12, what is 4a33 + -1?
4a32
In base 8, what is -267521 + 21?
-267500
In base 4, what is 3330012330 + 1?
3330012331
In base 8, what is -2 + -1637702?
-1637704
In base 16, what is 1572d1 + -2?
1572cf
In base 13, what is 12 - 3a1?
-38c
In base 8, what is -3152 - -7?
-3143
In base 11, what is -509 + -13?
-521
In base 9, what is -4458784 - -3?
-4458781
In base 13, what is 1 - -22a5?
22a6
In base 15, what is -1ab - -1a8?
-3
In base 9, what is -2 - -1372?
1370
In base 6, what is 4401231 + -15?
4401212
In base 7, what is -63 + 431351?
431255
In base 4, what is -1032311 - 10?
-1032321
In base 5, what is 32220 + 4?
32224
In base 7, what is 622 + -522?
100
In base 11, what is aa8a8 - 3?
aa8a5
In base 16, what is -9dd + ce?
-90f
In base 16, what is 5a - -4?
5e
In base 15, what is 79 - -19d?
227
In base 9, what is -1 + 120042?
120041
In base 6, what is -34351 - 4?
-34355
In base 12, what is -647 + -79?
-704
In base 12, what is ab - -282?
371
In base 12, what is -a9934 - -3?
-a9931
In base 2, what is -100010001001 - 1111?
-100010011000
In base 11, what is -4a422 - 4?
-4a426
In base 9, what is 474 - -26?
511
In base 9, what is 5657 + -101?
5556
In base 5, what is 12 - -1030344?
1030411
In base 10, what is 9716 - 3?
9713
In base 14, what is -2c3 - 2a?
-30d
In base 16, what is 1b099 - -a?
1b0a3
In base 9, what is 1023162 - -3?
1023165
In base 13, what is 2 + 16853?
16855
In base 4, what is 3 + 3100131?
3100200
In base 7, what is -4 - -245462?
245455
In base 16, what is cef - 2?
ced
In base 13, what is -21c - -3897?
3678
In base 15, what is 0 + -2a5ae?
-2a5ae
In base 8, what is 10712 + 406?
11320
In 